+ 2. Let t = -52 - -62. Let m be j(t). What are the prime factors of (-739)/(-5) - m/(-60)?
2, 37
Suppose 4*u + 10489 = 4*w + 2989, -5*u = 25. Let o = 2667 - w. List the prime factors of o.
797
Let g(p) = p**3 - 10*p**2 + 25*p + 3. Let q be g(5). Suppose q*d = -d - 5*c + 844, 0 = -2*d + 4*c + 448. What are the prime factors of d?
2, 3
Let h be (8/(-16))/(1/(-10)). Suppose 548 = 2*w + 4*x, h*w + 2*x + 2*x - 1358 = 0. List the prime factors of w.
2, 3, 5
Let f = -1913 - -3257. Suppose -f = -4*h + h. What are the prime factors of h?
2, 7
Suppose -8*o = 3*o + 110. Let q(h) = 3*h + 33. Let d be q(o). Suppose -d*g + 7 = -41. What are the prime factors of g?
2
Let s(b) = -14*b**3 - 26*b**2 - 18*b - 517. What are the prime factors of s(-16)?
50459
Suppose -o - 29344 = -4*h, -13*h + o + 4*o + 95375 = 0. List the prime factors of h.
3, 5, 163
Suppose 2549 + 79 = 6*b. Let w = 306 + -216. Suppose -12*j + w + b = 0. What are the prime factors of j?
2, 11
Let m = -209 + 212. Suppose -1552 = -m*u - 2*r, -4*u + 1184 = 4*r - 884. List the prime factors of u.
2, 7, 37
Suppose 0 = -2*t - 1 + 11. Suppose -z = 2*m - 5, 0*m - 3*z - t = m. Suppose -6*d + 196 = -m*d. List the prime factors of d.
2, 7
Let f = -178963 - -250863. What are the prime factors of f?
2, 5, 719
Let p(o) be the second derivative of o**6/120 - o**5/10 - o**4/4 - 5*o**2 - 3*o. Let q(l) be the first derivative of p(l). List the prime factors of q(7).
7
Suppose -2*w - 4*o = -38, -w - o = -19 + 5. Suppose 5*u + 10*h = w*h + 4629, h - 1854 = -2*u. List the prime factors of u.
5, 37
Let f(w) = 293*w + 10. Let i be f(7). Suppose 2*p - 8220 = -4*z - 2*p, -p - i = -z. List the prime factors of z.
2, 3, 7
Suppose -40*r = -35*r - 2020. Suppose 0 = -4*t + 2044 - r. List the prime factors of t.
2, 5, 41
Suppose 245090 = 133*p - 270950. List the prime factors of p.
2, 5, 97
Let z = -238 + 242. Suppose 2*n + 0*n + 628 = 2*b, 4*b - 1280 = -z*n. What are the prime factors of b?
317
Let y(h) = 17*h**2 + 16*h + 11. Suppose -2*g = -3*g - 6. Let n be y(g). Let r = -243 + n. What are the prime factors of r?
2, 71
Suppose 18*w - 10007 = -1673. List the prime factors of w.
463
Let v(a) be the first derivative of -19 - 3/2*a**2 + 0*a + 36*a**3. What are the prime factors of v(-1)?
3, 37
Let f(z) = 2*z + 32. Let l be f(-9). What are the prime factors of 7640/l - 6*(-3)/63?
2, 3, 7, 13
Suppose -g = -g + g. Suppose g*b + 5*b = 5. What are the prime factors of (12/9 - b)*0 + 175?
5, 7
Suppose 0 = -711*r + 853*r - 445454. What are the prime factors of r?
3137
Suppose 36 = 3*f + t, t + 13 = -2*f + 37. What are the prime factors of (-2)/6 + -1*(-3988)/f?
2, 83
Let l = 6801 - 2843. What are the prime factors of l?
2, 1979
What are the prime factors of 1560/3640 + (-1)/(14/(-983648)) + 2?
3, 37, 211
Let v(q) = -q**2 - 10*q + 24. Let r be v(-12). Suppose 0 = -g - r*g. Suppose 504 = 4*f - g. List the prime factors of f.
2, 3, 7
Let a(k) = 2*k**3 - 5*k**2 - 12*k + 4. Let n(s) = 2*s**3 - 5*s**2 - 13*s + 5. Let f(w) = -5*a(w) + 4*n(w). What are the prime factors of f(-3)?
3, 5
Suppose -6501 = -5*j - 1641. Suppose 12 = 10*k - 14*k, -3*f + j = -5*k. List the prime factors of f.
11, 29
Suppose 10 = -2*q + 2*n, -3*q + 2*n - 9 = n. Let m be (q + 3)*131 + 0 + -3. Let v = m - 57. What are the prime factors of v?
71
Let r(h) = -6*h**3 + 71*h**2 - 3*h - 38. What are the prime factors of r(9)?
2, 41
Let z be (-2)/((-4)/3) - (-6975)/186. Suppose 1596 = -37*f + z*f. What are the prime factors of f?
2, 3, 7, 19
Suppose -4*m = 3*i - 17, -2*m - 5*i + 2*i = -7. Suppose -y + 23 - m = 4*r, -4*r + 3*y = -10. List the prime factors of (-1)/(5/(-69 + r)).
13
Let t be (-2 - -116) + (0 + -4)*1. Suppose 41 = -o - 3*b, b - t = o + o. Let r = o + 139. What are the prime factors of r?
2, 43
Let l(v) = v**3 + 10*v**2 - 14*v - 33. Let o be l(-11). Suppose o = 4*n + 176 - 3068. List the prime factors of n.
3, 241
Let h = -70 + 72. Suppose -18 = -3*m - 3*i + 6*i, 0 = h*m + 4*i. Suppose l - 4*n - m = 93, 0 = 3*n + 15. What are the prime factors of l?
7, 11
Suppose 516*s = 529*s - 91923. What are the prime factors of s?
3, 2357
Let t = 2265 + -2057. What are the prime factors of t?
2, 13
Let j(p) = 2*p - 6. Let x be j(3). Suppose x = 35*m - 41*m + 3072. What are the prime factors of m?
2
Let s be -2 + (-4 - -16) - -206. Let c(w) = 59*w + 1. Let h be c(-2). Let b = s + h. What are the prime factors of b?
3, 11
Let b = -54 + 53. Let v be (-39)/3*(13 - 3)*b. Let n = 286 - v. List the prime factors of n.
2, 3, 13
Let n = -6171 - -9899. What are the prime factors of n?
2, 233
Suppose 0 = -4*s - 4*x + 8, 8 = 3*s - 2*x - 13. Let t(v) = -38*v + 1. Let j be t(s). Let w = j + 481. List the prime factors of w.
2, 73
Let f = -82 + 84. Suppose 0 = f*s - 10, -5*s + 133 = -2*o + 6*o. List the prime factors of o.
3
Suppose -17*i = -3705 - 49444 + 1095. List the prime factors of i.
2, 1531
Let i(u) = 17 - u - 6*u + 0 + 5*u**2 + 14. What are the prime factors of i(-11)?
23, 31
Suppose 0 = -2*m + 64 + 14. Let k = m + -34. Suppose -k*z + 0*z = 5*x - 10, -16 = 4*z. List the prime factors of x.
2, 3
List the prime factors of (25635610/39)/14 + (-2)/(-6).
2, 5869
Let t(u) = -u**3 - 7*u**2 + 2*u - 4. Let o be t(-7). Let z be (-5 + -1)*99/o. Let y = z + -5. List the prime factors of y.
2, 7
Suppose 10 = -5*u, o - u + 296 = -206. List the prime factors of o/(-147)*1/(4/938).
2, 3, 67
Suppose 0 = -k + 3 - 0. Suppose -2026 = -4*o + a + 519, k*o + 3*a = 1890. List the prime factors of o.
5, 127
Suppose 3*i + o - 38118 = 0, 0 = -4*i + 274*o - 278*o + 50808. What are the prime factors of i?
2, 3, 353
What are the prime factors of ((-1)/4*2)/(-3 + 209265/69756)?
2, 5813
Suppose 4*c + 13667 = -0*c + d, 3*c + 5*d = -10279. Let b = c + 5429. List the prime factors of b.
2011
Let r = -29 + 176. Suppose i = r + 521. List the prime factors of i.
2, 167
Suppose 3 = 76*g - 77*g, -3*p + 209694 = -g. What are the prime factors of p?
3, 23, 1013
Let m(t) = 18*t + 89. Let l(w) = -w**3 - 6*w**2 - 9*w - 37. Let s be l(-6). What are the prime factors of m(s)?
5, 79
Suppose -130*a - 4*p = -132*a + 85292, -4*a + 3*p + 170589 = 0. What are the prime factors of a?
2, 3, 1777
Let p = -194 + 306. Let h = 5474 - 5581. List the prime factors of (h/(-2))/(-7*(-8)/p).
107
Suppose -17030 = 4*n + m - 85695, -n = 5*m - 17190. List the prime factors of n.
5, 3433
Suppose 0 = -4*h - 4*h + 32. Let i(b) = -20*b + h*b - 6*b**2 + 7 + 170*b**3 - 168*b**3. List the prime factors of i(6).
127
Suppose -363 = -4*o + 5*g, -10*o - 4*g + 188 = -8*o. Suppose -o*a = -109*a + 21539. List the prime factors of a.
7, 181
Let c(d) be the third derivative of d**4/24 + d**3/6 - 16*d**2. Let o be c(-4). What are the prime factors of (-16)/(12/o) + 124?
2
Suppose -47*g + 9*g + 463562 = 0. List the prime factors of g.
11, 1109
Suppose -5*h + 9484 = -2*n, -h + 694 + 1189 = -5*n. Suppose r + 0*m = -2*m + 376, 0 = -5*r - m + h. What are the prime factors of r?
2, 5, 19
Let n = -1354 + 1900. List the prime factors of (-44)/(-6)*n/14 + 2.
2, 3
Let h(u) = -116*u - 1686. List the prime factors of h(-51).
2, 3, 5, 47
Suppose -7*c + 9*c - 1227 = -3*y, 4*c - 2399 = 5*y. Let v = 917 + c. What are the prime factors of v?
1523
Let j be (-28)/(-7) + (10 - 2). Let x be 6 + 8/12 + (-20)/j. Suppose 606 = 4*y + x*b, 2*y + 2*b + 2*b = 306. What are the prime factors of y?
149
Let b = 4207 - -676. List the prime factors of b.
19, 257
Let y be 2 + 4/(-4) - -64. List the prime factors of (2*y/(-8))/(4/(-16)).
5, 13
Let y(t) = -2*t - 77. Let g(v) = 2*v + 78. Let o(z) = -6*g(z) - 7*y(z). Let q be (29 - -4) + (-2 - 5). List the prime factors of o(q).
3, 41
List the prime factors of ((-161)/28 + 8)/(9/5892).
3, 491
Let l(f) = -f**3 + 20*f**2 - 21*f + 18. Let i be l(19). Let d be 576/i*(-50)/4. Suppose -r - 4*r + d = 0. What are the prime factors of r?
2, 3
Let c(d) be the first derivative of -d**4/4 + 19*d**3/3 + 12*d**2 + 24*d + 1. Suppose 3*j + 4*b - 60 = -j, 3*b = -5*j + 85. What are the prime factors of c(j)?
2, 13
Let n = 23 + -16. Suppose 194*x = 192*x - 3*g + 143, 5*x + 5*g = 365. Suppose 0 = n*b - x - 15. List the prime factors of b.
13
Let q = 2723 - 858. Suppose 13*f - 18*f = -q. What are the prime factors of f?
373
Let d be (266 + 0 + 0)*(1 - 0). Let l = 309 